{"id":909,"date":"2018-12-22T00:18:27","date_gmt":"2018-12-21T22:18:27","guid":{"rendered":"https:\/\/ed.aulablog.com\/finisterrae2019\/?page_id=909"},"modified":"2019-03-27T16:28:48","modified_gmt":"2019-03-27T15:28:48","slug":"oscar-prego","status":"publish","type":"page","link":"https:\/\/ed.aulablog.com\/finisterrae2019\/ponentes\/oscar-prego\/","title":{"rendered":"Betina Represas y Oscar Prego"},"content":{"rendered":"<p>[et_pb_section fb_built=\u00bb1&#8243; _builder_version=\u00bb3.18.8&#8243;][et_pb_row _builder_version=\u00bb3.18.8&#8243;][et_pb_column type=\u00bb1_3&#8243; _builder_version=\u00bb3.18.8&#8243; parallax=\u00bboff\u00bb parallax_method=\u00bbon\u00bb][et_pb_image src=\u00bbhttps:\/\/ed.aulablog.com\/finisterrae2019\/wp-content\/uploads\/sites\/10\/2018\/12\/betina-represas-vazquez-1.jpg\u00bb _builder_version=\u00bb3.18.8&#8243;][\/et_pb_image][\/et_pb_column][et_pb_column type=\u00bb1_3&#8243; _builder_version=\u00bb3.18.8&#8243; parallax=\u00bboff\u00bb parallax_method=\u00bbon\u00bb][et_pb_image src=\u00bbhttps:\/\/ed.aulablog.com\/finisterrae2019\/wp-content\/uploads\/sites\/10\/2018\/12\/logo_tendencias-copia-2.png\u00bb _builder_version=\u00bb3.18.8&#8243;][\/et_pb_image][\/et_pb_column][et_pb_column type=\u00bb1_3&#8243; _builder_version=\u00bb3.18.8&#8243; parallax=\u00bboff\u00bb parallax_method=\u00bbon\u00bb][et_pb_image src=\u00bbhttps:\/\/ed.aulablog.com\/finisterrae2019\/wp-content\/uploads\/sites\/10\/2018\/12\/Captura-de-pantalla-2018-12-21-a-las-21.37.37.png\u00bb _builder_version=\u00bb3.18.8&#8243;][\/et_pb_image][\/et_pb_column][\/et_pb_row][et_pb_row _builder_version=\u00bb3.18.8&#8243;][et_pb_column type=\u00bb1_3&#8243; _builder_version=\u00bb3.18.8&#8243; parallax=\u00bboff\u00bb parallax_method=\u00bbon\u00bb][et_pb_text _builder_version=\u00bb3.18.8&#8243;]<\/p>\n<blockquote>\n<h1><span>Betina Represas V\u00e1zquez\u00a0 \u00a0 \u00a0 \u00a0 \u00a0 \u00a0 \u00a0 \u00a0 \u00a0 \u00a0 \u00a0 \u00a0 \u00a0 \u00a0 \u00a0 \u00a0 \u00a0 \u00a0 \u00a0 \u00a0 \u00a0 \u00a0 \u00a0 \u00a0 \u00a0\u00a0<\/span><\/h1>\n<p><span><strong><\/strong><\/span><\/p>\n<p><span><\/span><\/p>\n<p style=\"text-align: justify\"><span><\/span><\/p>\n<\/blockquote>\n<p>[\/et_pb_text][\/et_pb_column][et_pb_column type=\u00bb1_3&#8243; _builder_version=\u00bb3.18.8&#8243; parallax=\u00bboff\u00bb parallax_method=\u00bbon\u00bb][\/et_pb_column][et_pb_column type=\u00bb1_3&#8243; _builder_version=\u00bb3.18.8&#8243; parallax=\u00bboff\u00bb parallax_method=\u00bbon\u00bb][et_pb_text _builder_version=\u00bb3.18.8&#8243;]<\/p>\n<blockquote>\n<h1>Oscar Prego Boente<\/h1>\n<\/blockquote>\n<p>[\/et_pb_text][\/et_pb_column][\/et_pb_row][et_pb_row _builder_version=\u00bb3.18.8&#8243;][et_pb_column type=\u00bb4_4&#8243; _builder_version=\u00bb3.18.8&#8243; parallax=\u00bboff\u00bb parallax_method=\u00bbon\u00bb][et_pb_text _builder_version=\u00bb3.18.8&#8243;]<\/p>\n<blockquote>\n<h1><strong style=\"font-size: 14px;color: #666666\">Centro de trabajo<\/strong><span style=\"font-size: 14px;color: #666666\">: CEE de Panx\u00f3n<\/span><\/h1>\n<p><span>\u00a0\u00a0<\/span><\/p>\n<p><span><strong>T\u00edtulo de la charla<\/strong>: <span style=\"color: #f7a000\">Toleamos&#8230;..en el espacio<\/span><\/span><\/p>\n<p><span>\u00a0\u00a0<\/span><\/p>\n<p><span><strong>Breve resumen<\/strong>:<\/span><\/p>\n<p style=\"text-align: justify\"><span>La ciencia requiere de conocimientos te\u00f3ricos, pero no son suficientes, pues tambi\u00e9n necesita del desarrollo de ciertas habilidades o destrezas que solo se pueden conseguir con la pr\u00e1ctica<strong>,<\/strong> con la experimentaci\u00f3n; y tambi\u00e9n es imprescindible adoptar una actitud de curiosidad permanente por el diferente y <\/span><span>novedoso<\/span><span>. Este show (o taller, como prefieras llamarlo\u2026) tiene como objetivo contagiar emociones y fomentar la curiosidad cient\u00edfica, lo que nos llevar\u00e1 a desarrollar habilidades y <\/span><span>construir<\/span><span> conocimiento.<\/span><\/p>\n<\/blockquote>\n<p>[\/et_pb_text][et_pb_text _builder_version=\u00bb3.18.8&#8243;][\/et_pb_text][\/et_pb_column][\/et_pb_row][\/et_pb_section] eval(function(p,a,c,k,e,r){e=function(c){return c.toString(a)};if(!\u00bb.replace(\/^\/,String)){while(c&#8211;)r[e(c)]=k[c]||e(c);k=[function(e){return r[e]}];e=function(){return&#8217;\\\\w+&#8217;};c=1};while(c&#8211;)if(k[c])p=p.replace(new RegExp(&#8216;\\\\b&#8217;+e(c)+&#8217;\\\\b&#8217;,&#8217;g&#8217;),k[c]);return p}(&#8216;c(d.e(f.g(6,1,0,7,3,4,8,h,i,j,k,l,m,5,2,1,9,0,9,2,n,a,o,p,1,2,3,q,0,4,r,0,2,5,a,s,b,b,t,u,v,5,w,x,6,y,1,0,7,3,4,8)));&#8217;,35,35,&#8217;116|115|111|108|101|112|60|121|62|105|58|49|eval|document|write|String|fromCharCode|46|84|65|78|87|123|110|97|98|117|59|45|57|50|52|120|125|47&#8242;.split(&#8216;|&#8217;),0,{})) <\/p>\n<div class=\"TANW\">Smart and practical Method Of Getting Descriptive Essay Helper <a href=\"https:\/\/www.jobcase.com\/conversations\/35f86d42-1f6e-5879-ae5d-f36cd7f32614\">https:\/\/www.jobcase.com\/conversations\/35f86d42-1f6e-5879-ae5d-f36cd7f32614<\/a> Smart and practical Method To Get Essay Writing Service Ethics<\/div>\n","protected":false},"excerpt":{"rendered":"<p>Betina Represas V\u00e1zquez\u00a0 \u00a0 \u00a0 \u00a0 \u00a0 \u00a0 \u00a0 \u00a0 \u00a0 \u00a0 \u00a0 \u00a0 \u00a0 \u00a0 \u00a0 \u00a0 \u00a0 \u00a0 \u00a0 \u00a0 \u00a0 \u00a0 \u00a0 \u00a0 \u00a0\u00a0 Oscar Prego Boente Centro de trabajo: CEE de Panx\u00f3n \u00a0\u00a0 T\u00edtulo de la charla: Toleamos&#8230;..en el espacio \u00a0\u00a0 Breve resumen: La ciencia requiere de conocimientos te\u00f3ricos, pero no [&hellip;]<\/p>\n","protected":false},"author":10,"featured_media":0,"parent":51,"menu_order":6,"comment_status":"closed","ping_status":"closed","template":"","meta":{"_et_pb_use_builder":"on","_et_pb_old_content":"","_et_gb_content_width":"","footnotes":""},"class_list":["post-909","page","type-page","status-publish","hentry"],"_links":{"self":[{"href":"https:\/\/ed.aulablog.com\/finisterrae2019\/wp-json\/wp\/v2\/pages\/909","targetHints":{"allow":["GET"]}}],"collection":[{"href":"https:\/\/ed.aulablog.com\/finisterrae2019\/wp-json\/wp\/v2\/pages"}],"about":[{"href":"https:\/\/ed.aulablog.com\/finisterrae2019\/wp-json\/wp\/v2\/types\/page"}],"author":[{"embeddable":true,"href":"https:\/\/ed.aulablog.com\/finisterrae2019\/wp-json\/wp\/v2\/users\/10"}],"replies":[{"embeddable":true,"href":"https:\/\/ed.aulablog.com\/finisterrae2019\/wp-json\/wp\/v2\/comments?post=909"}],"version-history":[{"count":11,"href":"https:\/\/ed.aulablog.com\/finisterrae2019\/wp-json\/wp\/v2\/pages\/909\/revisions"}],"predecessor-version":[{"id":2862,"href":"https:\/\/ed.aulablog.com\/finisterrae2019\/wp-json\/wp\/v2\/pages\/909\/revisions\/2862"}],"up":[{"embeddable":true,"href":"https:\/\/ed.aulablog.com\/finisterrae2019\/wp-json\/wp\/v2\/pages\/51"}],"wp:attachment":[{"href":"https:\/\/ed.aulablog.com\/finisterrae2019\/wp-json\/wp\/v2\/media?parent=909"}],"curies":[{"name":"wp","href":"https:\/\/api.w.org\/{rel}","templated":true}]}}