{"id":269,"date":"2017-08-08T08:25:39","date_gmt":"2017-08-08T07:25:39","guid":{"rendered":"http:\/\/www.tedxoviedoed.es\/?page_id=269"},"modified":"2018-01-07T12:40:55","modified_gmt":"2018-01-07T11:40:55","slug":"rosa-liarte","status":"publish","type":"page","link":"https:\/\/ed.aulablog.com\/oviedo2018\/ponentes\/rosa-liarte\/","title":{"rendered":"Rosa Liarte"},"content":{"rendered":"<p>[et_pb_section bb_built=\u00bb1&#8243;][et_pb_row][et_pb_column type=\u00bb1_2&#8243;][et_pb_text _builder_version=\u00bb3.0.64&#8243; background_layout=\u00bblight\u00bb text_orientation=\u00bbleft\u00bb border_style=\u00bbsolid\u00bb]<\/p>\n<div class=\"\">\n<div>Rosa Liarte Alcaine es Licenciada en Historia\u00a0 y profesora de Geograf\u00eda e Historia de Educaci\u00f3n secundaria en la Junta de Andaluc\u00eda. Es coordinadora TIC en el IES Cartima, Apple Education Trainer, Apple Distinguished Educator, Google Innovator, Google Trainer, as\u00ed como embajadora de aplicaciones educativas como: Book Creator, Explain Everything, Touchcast, BrainPop o Evernote, gracias a la labor que realiza en el aula con su alumnado. Amante del uso de las tecnolog\u00edas en clase, puedes conocer todo su trabajo en\u00a0<a href=\"http:\/\/leccionesdehistoria.com\/\" target=\"_blank\" rel=\"noopener\" data-saferedirecturl=\"https:\/\/www.google.com\/url?hl=es&amp;q=http:\/\/leccionesdehistoria.com\/&amp;source=gmail&amp;ust=1515411372887000&amp;usg=AFQjCNGul5IySXssnJGpKwRA2pmH7CfQNQ\">http:\/\/leccionesdehistoria.<wbr \/>com<\/a>\u00a0y aprender sobre el uso de las nuevas tecnolog\u00edas en clase en su blog personal\u00a0<a href=\"http:\/\/rosaliarte.com\/\" target=\"_blank\" rel=\"noopener\" data-saferedirecturl=\"https:\/\/www.google.com\/url?hl=es&amp;q=http:\/\/rosaliarte.com\/&amp;source=gmail&amp;ust=1515411372887000&amp;usg=AFQjCNEgQImhVFFUiY_Xav5OLXJNuz1Byw\">http:\/\/rosaliarte.com<\/a><wbr \/>.<\/div>\n<div><\/div>\n<div>Si quieres saber m\u00e1s sobre su curriculum, puedes consultar este enlace:\u00a0<a href=\"https:\/\/leccionesdehistoria.com\/about\/\" target=\"_blank\" rel=\"noopener\" data-saferedirecturl=\"https:\/\/www.google.com\/url?hl=es&amp;q=https:\/\/leccionesdehistoria.com\/about\/&amp;source=gmail&amp;ust=1515411372887000&amp;usg=AFQjCNErASyqIoDY3wPjkz5bdyz4bfT1Mw\">https:\/\/<wbr \/>leccionesdehistoria.com\/about\/<\/a><\/div>\n<\/div>\n<p>[\/et_pb_text][\/et_pb_column][et_pb_column type=\u00bb1_2&#8243;][et_pb_image _builder_version=\u00bb3.0.64&#8243; src=\u00bbhttps:\/\/ed.aulablog.com\/wp-content\/uploads\/sites\/8\/2017\/08\/Rosa_Liarte_enfocada.png\u00bb show_in_lightbox=\u00bboff\u00bb url_new_window=\u00bbon\u00bb use_overlay=\u00bboff\u00bb sticky=\u00bboff\u00bb align=\u00bbleft\u00bb always_center_on_mobile=\u00bbon\u00bb border_style=\u00bbsolid\u00bb force_fullwidth=\u00bbon\u00bb \/][\/et_pb_column][\/et_pb_row][\/et_pb_section]<\/p>\n","protected":false},"excerpt":{"rendered":"<p><div class=\"et_pb_row et_pb_row_0 et_pb_row_empty\">\n\t\t\t\t\n\t\t\t\t\n\t\t\t\t\n\t\t\t\t\n\t\t\t\t\n\t\t\t<\/div> Rosa Liarte Alcaine es Licenciada en Historia\u00a0 y profesora de Geograf\u00eda e Historia de Educaci\u00f3n secundaria en la Junta de Andaluc\u00eda. Es coordinadora TIC en el IES Cartima, Apple Education Trainer, Apple Distinguished Educator, Google Innovator, Google Trainer, as\u00ed como embajadora de aplicaciones educativas como: Book Creator, Explain Everything, Touchcast, BrainPop o Evernote, gracias [&hellip;]<\/p>\n","protected":false},"author":4,"featured_media":0,"parent":51,"menu_order":8,"comment_status":"closed","ping_status":"closed","template":"","meta":{"_et_pb_use_builder":"on","_et_pb_old_content":"","_et_gb_content_width":"","footnotes":""},"class_list":["post-269","page","type-page","status-publish","hentry"],"_links":{"self":[{"href":"https:\/\/ed.aulablog.com\/oviedo2018\/wp-json\/wp\/v2\/pages\/269","targetHints":{"allow":["GET"]}}],"collection":[{"href":"https:\/\/ed.aulablog.com\/oviedo2018\/wp-json\/wp\/v2\/pages"}],"about":[{"href":"https:\/\/ed.aulablog.com\/oviedo2018\/wp-json\/wp\/v2\/types\/page"}],"author":[{"embeddable":true,"href":"https:\/\/ed.aulablog.com\/oviedo2018\/wp-json\/wp\/v2\/users\/4"}],"replies":[{"embeddable":true,"href":"https:\/\/ed.aulablog.com\/oviedo2018\/wp-json\/wp\/v2\/comments?post=269"}],"version-history":[{"count":7,"href":"https:\/\/ed.aulablog.com\/oviedo2018\/wp-json\/wp\/v2\/pages\/269\/revisions"}],"predecessor-version":[{"id":568,"href":"https:\/\/ed.aulablog.com\/oviedo2018\/wp-json\/wp\/v2\/pages\/269\/revisions\/568"}],"up":[{"embeddable":true,"href":"https:\/\/ed.aulablog.com\/oviedo2018\/wp-json\/wp\/v2\/pages\/51"}],"wp:attachment":[{"href":"https:\/\/ed.aulablog.com\/oviedo2018\/wp-json\/wp\/v2\/media?parent=269"}],"curies":[{"name":"wp","href":"https:\/\/api.w.org\/{rel}","templated":true}]}}