{"id":349,"date":"2017-10-20T09:41:32","date_gmt":"2017-10-20T08:41:32","guid":{"rendered":"http:\/\/www.tedxoviedoed.es\/?page_id=349"},"modified":"2018-01-13T06:51:30","modified_gmt":"2018-01-13T05:51:30","slug":"montse-poyatos","status":"publish","type":"page","link":"https:\/\/ed.aulablog.com\/oviedo2018\/ponentes\/montse-poyatos\/","title":{"rendered":"Montse Poyatos"},"content":{"rendered":"<p>[et_pb_section bb_built=\u00bb1&#8243;][et_pb_row][et_pb_column type=\u00bb1_2&#8243;][et_pb_text _builder_version=\u00bb3.0.64&#8243; background_layout=\u00bblight\u00bb text_orientation=\u00bbleft\u00bb border_style=\u00bbsolid\u00bb]<\/p>\n<section class=\"bio\" data-reactid=\"42\">\n<div data-reactid=\"43\">Maestra y pedagoga. Actualmente trabaja en la escuela p\u00fablica Giner de los Rios (Madrid). Durante muchos a\u00f1os trabaj\u00f3 en alfabetizaci\u00f3n y programas de integraci\u00f3n educativa con colectivos en riesgo de exclusi\u00f3n social. Es formadora\u00a0 de docentes en metodolog\u00edas activas colaborando con diferentes centros educativos y entidades como el INTEF, CRIF, Samsung Smart school o FERE.\u00a0 Ha coordinado y participado en la elaboraci\u00f3n de materiales did\u00e1cticos y de innovaci\u00f3n en proyectos como: escuelas creativas Adria, viajes escuela XXI, escuela de educaci\u00f3n disruptiva, tribu 2.0, Eskola 2.0, entre otras.<\/div>\n<\/section>\n<p>[\/et_pb_text][\/et_pb_column][et_pb_column type=\u00bb1_2&#8243;][et_pb_image _builder_version=\u00bb3.0.64&#8243; src=\u00bbhttps:\/\/ed.aulablog.com\/wp-content\/uploads\/sites\/8\/2018\/01\/MontsePoyatos_cuadrada.jpg\u00bb show_in_lightbox=\u00bboff\u00bb url_new_window=\u00bboff\u00bb use_overlay=\u00bboff\u00bb sticky=\u00bboff\u00bb align=\u00bbleft\u00bb always_center_on_mobile=\u00bbon\u00bb border_style=\u00bbsolid\u00bb force_fullwidth=\u00bboff\u00bb \/][\/et_pb_column][\/et_pb_row][\/et_pb_section]<\/p>\n","protected":false},"excerpt":{"rendered":"<p><div class=\"et_pb_row et_pb_row_0 et_pb_row_empty\">\n\t\t\t\t\n\t\t\t\t\n\t\t\t\t\n\t\t\t\t\n\t\t\t\t\n\t\t\t<\/div> Maestra y pedagoga. Actualmente trabaja en la escuela p\u00fablica Giner de los Rios (Madrid). Durante muchos a\u00f1os trabaj\u00f3 en alfabetizaci\u00f3n y programas de integraci\u00f3n educativa con colectivos en riesgo de exclusi\u00f3n social. Es formadora\u00a0 de docentes en metodolog\u00edas activas colaborando con diferentes centros educativos y entidades como el INTEF, CRIF, Samsung Smart school o [&hellip;]<\/p>\n","protected":false},"author":2,"featured_media":0,"parent":51,"menu_order":0,"comment_status":"closed","ping_status":"closed","template":"","meta":{"_et_pb_use_builder":"on","_et_pb_old_content":"","_et_gb_content_width":"","footnotes":""},"class_list":["post-349","page","type-page","status-publish","hentry"],"_links":{"self":[{"href":"https:\/\/ed.aulablog.com\/oviedo2018\/wp-json\/wp\/v2\/pages\/349","targetHints":{"allow":["GET"]}}],"collection":[{"href":"https:\/\/ed.aulablog.com\/oviedo2018\/wp-json\/wp\/v2\/pages"}],"about":[{"href":"https:\/\/ed.aulablog.com\/oviedo2018\/wp-json\/wp\/v2\/types\/page"}],"author":[{"embeddable":true,"href":"https:\/\/ed.aulablog.com\/oviedo2018\/wp-json\/wp\/v2\/users\/2"}],"replies":[{"embeddable":true,"href":"https:\/\/ed.aulablog.com\/oviedo2018\/wp-json\/wp\/v2\/comments?post=349"}],"version-history":[{"count":3,"href":"https:\/\/ed.aulablog.com\/oviedo2018\/wp-json\/wp\/v2\/pages\/349\/revisions"}],"predecessor-version":[{"id":600,"href":"https:\/\/ed.aulablog.com\/oviedo2018\/wp-json\/wp\/v2\/pages\/349\/revisions\/600"}],"up":[{"embeddable":true,"href":"https:\/\/ed.aulablog.com\/oviedo2018\/wp-json\/wp\/v2\/pages\/51"}],"wp:attachment":[{"href":"https:\/\/ed.aulablog.com\/oviedo2018\/wp-json\/wp\/v2\/media?parent=349"}],"curies":[{"name":"wp","href":"https:\/\/api.w.org\/{rel}","templated":true}]}}