{"id":51,"date":"2017-07-27T10:57:56","date_gmt":"2017-07-27T09:57:56","guid":{"rendered":"http:\/\/www.tedxoviedoed.es\/?page_id=51"},"modified":"2018-01-13T06:52:22","modified_gmt":"2018-01-13T05:52:22","slug":"ponentes","status":"publish","type":"page","link":"https:\/\/ed.aulablog.com\/oviedo2018\/ponentes\/","title":{"rendered":"Ponentes"},"content":{"rendered":"<p>[et_pb_section bb_built=\u00bb1&#8243; inner_shadow=\u00bbon\u00bb fullwidth=\u00bbon\u00bb _builder_version=\u00bb3.0.64&#8243; use_background_color_gradient=\u00bbon\u00bb background_color_gradient_start=\u00bb#0c8ace\u00bb background_color_gradient_end=\u00bb#1982c4&#8243; background_color_gradient_type=\u00bbradial\u00bb background_color_gradient_start_position=\u00bb100%\u00bb][et_pb_fullwidth_header title=\u00bbPonentes\u00bb background_layout=\u00bbdark\u00bb _builder_version=\u00bb3.0.64&#8243; text_orientation=\u00bbleft\u00bb header_fullscreen=\u00bboff\u00bb header_scroll_down=\u00bboff\u00bb image_orientation=\u00bbcenter\u00bb content_orientation=\u00bbcenter\u00bb title_font=\u00bbArial||||\u00bb custom_button_two=\u00bboff\u00bb button_two_letter_spacing=\u00bb0&#8243; button_two_icon_placement=\u00bbright\u00bb button_two_letter_spacing_hover=\u00bb0&#8243; custom_button_one=\u00bboff\u00bb button_one_letter_spacing=\u00bb0&#8243; button_one_icon_placement=\u00bbright\u00bb button_one_letter_spacing_hover=\u00bb0&#8243; title_font_size=\u00bb34px\u00bb \/][\/et_pb_section][et_pb_section bb_built=\u00bb1&#8243; _builder_version=\u00bb3.0.47&#8243;][et_pb_row _builder_version=\u00bb3.0.47&#8243; background_size=\u00bbinitial\u00bb background_position=\u00bbtop_left\u00bb background_repeat=\u00bbrepeat\u00bb][et_pb_column type=\u00bb1_3&#8243;][et_pb_image src=\u00bbhttps:\/\/ed.aulablog.com\/wp-content\/uploads\/sites\/8\/2017\/07\/Fernando_Trujillo_cuadrado.jpg\u00bb _builder_version=\u00bb3.0.64&#8243; \/][et_pb_text _builder_version=\u00bb3.0.64&#8243;]<\/p>\n<h2>Fernando Trujillo<\/h2>\n<p>[\/et_pb_text][et_pb_button button_url=\u00bbhttps:\/\/ed.aulablog.com\/ed-2\/ponentes\/fernando-trujillo-saez\/\u00bb button_text=\u00bbLeer m\u00e1s\u00bb button_alignment=\u00bbleft\u00bb _builder_version=\u00bb3.0.64&#8243; background_color=\u00bb#dd3333&#8243; url_new_window=\u00bboff\u00bb background_layout=\u00bblight\u00bb custom_button=\u00bboff\u00bb button_letter_spacing=\u00bb0&#8243; button_icon_placement=\u00bbright\u00bb button_letter_spacing_hover=\u00bb0&#8243; \/][\/et_pb_column][et_pb_column type=\u00bb1_3&#8243;][et_pb_image src=\u00bbhttps:\/\/ed.aulablog.com\/wp-content\/uploads\/sites\/8\/2017\/07\/IMG_8088.jpg\u00bb animation=\u00bbtop\u00bb _builder_version=\u00bb3.0.64&#8243; \/][et_pb_text _builder_version=\u00bb3.0.64&#8243;]<\/p>\n<h2>C\u00e9sar Poyatos<\/h2>\n<p>[\/et_pb_text][et_pb_button button_text=\u00bbLeer m\u00e1s\u00bb _builder_version=\u00bb3.0.64&#8243; background_color=\u00bb#dd3333&#8243; button_url=\u00bbhttps:\/\/ed.aulablog.com\/ed-2\/ponentes\/cesar-poyatos\/\u00bb url_new_window=\u00bboff\u00bb button_alignment=\u00bbleft\u00bb background_layout=\u00bblight\u00bb custom_button=\u00bboff\u00bb button_letter_spacing=\u00bb0&#8243; button_icon_placement=\u00bbright\u00bb button_letter_spacing_hover=\u00bb0&#8243; \/][\/et_pb_column][et_pb_column type=\u00bb1_3&#8243;][et_pb_image src=\u00bbhttps:\/\/ed.aulablog.com\/wp-content\/uploads\/sites\/8\/2017\/07\/Luz_Beloso_cuadrada-1.jpg\u00bb _builder_version=\u00bb3.0.64&#8243; \/][et_pb_text _builder_version=\u00bb3.0.64&#8243;]<\/p>\n<h2>Luz Beloso<\/h2>\n<p>[\/et_pb_text][et_pb_button button_url=\u00bbhttps:\/\/ed.aulablog.com\/ed-2\/?page_id=203&amp;preview=true\u00bb button_text=\u00bbLeer m\u00e1s\u00bb button_alignment=\u00bbleft\u00bb _builder_version=\u00bb3.0.64&#8243; background_color=\u00bb#dd3333&#8243; \/][\/et_pb_column][\/et_pb_row][et_pb_row _builder_version=\u00bb3.0.47&#8243; background_size=\u00bbinitial\u00bb background_position=\u00bbtop_left\u00bb background_repeat=\u00bbrepeat\u00bb][et_pb_column type=\u00bb1_3&#8243;][et_pb_image src=\u00bbhttps:\/\/ed.aulablog.com\/wp-content\/uploads\/sites\/8\/2017\/07\/Charo_cuadrada.jpg\u00bb animation=\u00bbtop\u00bb _builder_version=\u00bb3.0.64&#8243; \/][et_pb_text _builder_version=\u00bb3.0.64&#8243;]<\/p>\n<h2>Charo Fern\u00e1ndez Aguirre<\/h2>\n<p>[\/et_pb_text][et_pb_button button_url=\u00bbhttps:\/\/ed.aulablog.com\/ed-2\/ponentes\/charo-fdez-aguirre\/\u00bb button_text=\u00bbLeer m\u00e1s\u00bb button_alignment=\u00bbleft\u00bb _builder_version=\u00bb3.0.64&#8243; background_color=\u00bb#dd3333&#8243; \/][\/et_pb_column][et_pb_column type=\u00bb1_3&#8243;][et_pb_image src=\u00bbhttps:\/\/ed.aulablog.com\/wp-content\/uploads\/sites\/8\/2017\/07\/Paul_Ibarra_cuadrada.jpg\u00bb _builder_version=\u00bb3.0.64&#8243; \/][et_pb_text _builder_version=\u00bb3.0.64&#8243;]<\/p>\n<h2>Paul Ibarra<\/h2>\n<p>[\/et_pb_text][et_pb_button button_url=\u00bbhttps:\/\/ed.aulablog.com\/ed-2\/ponentes\/paul-ibarra\/\u00bb url_new_window=\u00bbon\u00bb button_text=\u00bbLeer m\u00e1s\u00bb _builder_version=\u00bb3.0.64&#8243; background_color=\u00bb#dd3333&#8243; button_alignment=\u00bbleft\u00bb background_layout=\u00bblight\u00bb custom_button=\u00bboff\u00bb button_letter_spacing=\u00bb0&#8243; button_icon_placement=\u00bbright\u00bb button_letter_spacing_hover=\u00bb0&#8243; \/][\/et_pb_column][et_pb_column type=\u00bb1_3&#8243;][et_pb_image src=\u00bbhttps:\/\/ed.aulablog.com\/wp-content\/uploads\/sites\/8\/2017\/07\/IMG_4892.jpg\u00bb animation=\u00bbright\u00bb _builder_version=\u00bb3.0.64&#8243; \/][et_pb_text _builder_version=\u00bb3.0.64&#8243;]<\/p>\n<h2>Siro L\u00f3pez<\/h2>\n<p>[\/et_pb_text][et_pb_button button_url=\u00bbhttps:\/\/ed.aulablog.com\/ed-2\/?page_id=192&amp;preview=truew=true\u00bb url_new_window=\u00bbon\u00bb button_text=\u00bbLeer m\u00e1s\u00bb button_alignment=\u00bbleft\u00bb _builder_version=\u00bb3.0.64&#8243; background_color=\u00bb#dd3333&#8243; \/][\/et_pb_column][\/et_pb_row][et_pb_row _builder_version=\u00bb3.0.64&#8243; background_size=\u00bbinitial\u00bb background_position=\u00bbtop_left\u00bb background_repeat=\u00bbrepeat\u00bb][et_pb_column type=\u00bb1_3&#8243;][et_pb_image _builder_version=\u00bb3.0.64&#8243; src=\u00bbhttps:\/\/ed.aulablog.com\/wp-content\/uploads\/sites\/8\/2017\/08\/Rosa_Liarte_enfocada.png\u00bb show_in_lightbox=\u00bboff\u00bb url_new_window=\u00bboff\u00bb use_overlay=\u00bboff\u00bb sticky=\u00bboff\u00bb align=\u00bbleft\u00bb always_center_on_mobile=\u00bbon\u00bb border_style=\u00bbsolid\u00bb force_fullwidth=\u00bboff\u00bb \/][et_pb_text _builder_version=\u00bb3.0.64&#8243; background_layout=\u00bblight\u00bb text_orientation=\u00bbleft\u00bb border_style=\u00bbsolid\u00bb]<\/p>\n<h2>Rosa Liarte<\/h2>\n<p>[\/et_pb_text][et_pb_button button_url=\u00bbhttps:\/\/ed.aulablog.com\/ed-2\/ponentes\/rosa-liarte\/\u00bb button_text=\u00bbLeer m\u00e1s\u00bb button_alignment=\u00bbleft\u00bb _builder_version=\u00bb3.0.64&#8243; background_color=\u00bb#dd3333&#8243; url_new_window=\u00bboff\u00bb background_layout=\u00bblight\u00bb custom_button=\u00bboff\u00bb button_letter_spacing=\u00bb0&#8243; button_icon_placement=\u00bbright\u00bb button_letter_spacing_hover=\u00bb0&#8243; \/][\/et_pb_column][et_pb_column type=\u00bb1_3&#8243;][et_pb_image src=\u00bbhttps:\/\/ed.aulablog.com\/wp-content\/uploads\/sites\/8\/2017\/09\/vi99fpia1pesud5uqsji_400x400.jpg\u00bb _builder_version=\u00bb3.0.64&#8243; \/][et_pb_text _builder_version=\u00bb3.0.64&#8243;]<\/p>\n<h2>Javier Monteagudo<\/h2>\n<p>[\/et_pb_text][et_pb_button button_text=\u00bbLeer m\u00e1s\u00bb _builder_version=\u00bb3.0.64&#8243; background_color=\u00bb#dd3333&#8243; button_url=\u00bbhttps:\/\/ed.aulablog.com\/ed-2\/ponentes\/javier-monteagudo\u00bb url_new_window=\u00bboff\u00bb button_alignment=\u00bbleft\u00bb background_layout=\u00bblight\u00bb custom_button=\u00bboff\u00bb button_letter_spacing=\u00bb0&#8243; button_icon_placement=\u00bbright\u00bb button_letter_spacing_hover=\u00bb0&#8243; \/][\/et_pb_column][et_pb_column type=\u00bb1_3&#8243;][et_pb_image src=\u00bbhttps:\/\/ed.aulablog.com\/wp-content\/uploads\/sites\/8\/2018\/01\/MontsePoyatos_cuadrada.jpg\u00bb _builder_version=\u00bb3.0.64&#8243; show_in_lightbox=\u00bboff\u00bb url_new_window=\u00bboff\u00bb use_overlay=\u00bboff\u00bb sticky=\u00bboff\u00bb align=\u00bbleft\u00bb always_center_on_mobile=\u00bbon\u00bb border_style=\u00bbsolid\u00bb force_fullwidth=\u00bboff\u00bb \/][et_pb_text _builder_version=\u00bb3.0.64&#8243; background_layout=\u00bblight\u00bb text_orientation=\u00bbleft\u00bb border_style=\u00bbsolid\u00bb]<\/p>\n<h2>Montse Poyatos<\/h2>\n<p>[\/et_pb_text][et_pb_button button_url=\u00bbhttps:\/\/ed.aulablog.com\/ed-2\/ponentes\/montse-poyatos\/\u00bb url_new_window=\u00bbon\u00bb button_text=\u00bbLeer m\u00e1s\u00bb _builder_version=\u00bb3.0.64&#8243; background_color=\u00bb#dd3333&#8243; button_alignment=\u00bbleft\u00bb background_layout=\u00bblight\u00bb custom_button=\u00bboff\u00bb button_letter_spacing=\u00bb0&#8243; button_icon_placement=\u00bbright\u00bb button_letter_spacing_hover=\u00bb0&#8243; \/][\/et_pb_column][\/et_pb_row][et_pb_row _builder_version=\u00bb3.0.64&#8243;][et_pb_column type=\u00bb1_3&#8243;][et_pb_image src=\u00bbhttps:\/\/ed.aulablog.com\/wp-content\/uploads\/sites\/8\/2017\/07\/Beatriz_Corral_cuadrada.jpg\u00bb _builder_version=\u00bb3.0.64&#8243; \/][et_pb_text _builder_version=\u00bb3.0.64&#8243;]<\/p>\n<h2>Beatriz Corral<\/h2>\n<p>[\/et_pb_text][et_pb_button button_url=\u00bbhttps:\/\/ed.aulablog.com\/ed-2\/?page_id=280&amp;preview=true\u00bb button_text=\u00bbLeer m\u00e1s\u00bb button_alignment=\u00bbleft\u00bb _builder_version=\u00bb3.0.64&#8243; background_color=\u00bb#dd3333&#8243; \/][\/et_pb_column][et_pb_column type=\u00bb1_3&#8243;][\/et_pb_column][et_pb_column type=\u00bb1_3&#8243;][\/et_pb_column][\/et_pb_row][\/et_pb_section]<\/p>\n","protected":false},"excerpt":{"rendered":"<p>Fernando Trujillo C\u00e9sar Poyatos Luz Beloso Charo Fern\u00e1ndez Aguirre Paul Ibarra Siro L\u00f3pez Rosa Liarte Javier Monteagudo Montse Poyatos Beatriz Corral<\/p>\n","protected":false},"author":1,"featured_media":0,"parent":0,"menu_order":0,"comment_status":"closed","ping_status":"closed","template":"","meta":{"_et_pb_use_builder":"on","_et_pb_old_content":"","_et_gb_content_width":"","footnotes":""},"class_list":["post-51","page","type-page","status-publish","hentry"],"_links":{"self":[{"href":"https:\/\/ed.aulablog.com\/oviedo2018\/wp-json\/wp\/v2\/pages\/51","targetHints":{"allow":["GET"]}}],"collection":[{"href":"https:\/\/ed.aulablog.com\/oviedo2018\/wp-json\/wp\/v2\/pages"}],"about":[{"href":"https:\/\/ed.aulablog.com\/oviedo2018\/wp-json\/wp\/v2\/types\/page"}],"author":[{"embeddable":true,"href":"https:\/\/ed.aulablog.com\/oviedo2018\/wp-json\/wp\/v2\/users\/1"}],"replies":[{"embeddable":true,"href":"https:\/\/ed.aulablog.com\/oviedo2018\/wp-json\/wp\/v2\/comments?post=51"}],"version-history":[{"count":21,"href":"https:\/\/ed.aulablog.com\/oviedo2018\/wp-json\/wp\/v2\/pages\/51\/revisions"}],"predecessor-version":[{"id":601,"href":"https:\/\/ed.aulablog.com\/oviedo2018\/wp-json\/wp\/v2\/pages\/51\/revisions\/601"}],"wp:attachment":[{"href":"https:\/\/ed.aulablog.com\/oviedo2018\/wp-json\/wp\/v2\/media?parent=51"}],"curies":[{"name":"wp","href":"https:\/\/api.w.org\/{rel}","templated":true}]}}